{"id":10456,"date":"2018-08-16T13:25:38","date_gmt":"2018-08-16T11:25:38","guid":{"rendered":"http:\/\/www.ernesto-vargas.com\/shop\/?post_type=product&#038;p=10456"},"modified":"2025-07-07T09:22:51","modified_gmt":"2025-07-07T07:22:51","slug":"loft-jacke-mit-zip-in-system","status":"publish","type":"product","link":"https:\/\/www.ernesto-vargas.com\/shop\/product\/loft-jacke-mit-zip-in-system\/","title":{"rendered":"Loft-Jacke 851"},"content":{"rendered":"<p>W\u00e4rmende Isolationsjacke mit elastischen \u00c4rmelabschl\u00fcssen, weitenverstellbarem Saumabschluss mit Tunnelkordelzug und Stoppern, hochwertigem Frontreissverschluss, funktioneller MP3-Player-\/iPod-Innentasche und seitlichen Einschubtaschen mit Reissverschluss. Alle Reissverschl\u00fcsse von YKK\u00ae. Hergestellt aus atmungsaktivem Micro-Ripstop-Aussenmaterial mit Wattierung aus w\u00e4rmender, pflegeleichter Kunstfaser. Gewebtes Necklabel aus hochwertigem Kettsatin mit weichen, ultraschallgeschnittenen Bandkanten f\u00fcr h\u00f6chsten Tragekomfort und gewebtes Flaglabel an der linken Seitennaht.<\/p>\n<p>Ihr besonderer Vorteil: Ein verdeckter Reissverschluss im inneren R\u00fcckenteil (Revisions\u00f6ffnung) erm\u00f6glicht das einfache und individuelle Veredeln der Loft-Jacke.<br \/>\nDie Loft-Jacke Barrie kann durch das ZIP-IN-SYSTEM mit der Active-Jacke Housten zu einer wetterfesten und atmungsaktiven 3-in-1-Kombijacke verbunden werden.<\/p>\n<p>\u2022 Material: Micro-Ripstop und Wattierung aus 100 % Polyester<br \/>\n\u2022 Eigenschaften: atmungsaktiv, ZIP-IN-SYSTEM<br \/>\n\u2022 Passform: Regular Fit<br \/>\n\u2022 Zertifikate: OEKO-TEX\u00ae STANDARD 100<br \/>\n\u2022 Waschtemperatur: max. 30 \u00b0C<br \/>\n\u2022 Gr\u00f6ssen: XS-3XL<\/p>\n","protected":false},"excerpt":{"rendered":"<p>W\u00e4rmende Isolationsjacke mit elastischen \u00c4rmelabschl\u00fcssen, weitenverstellbarem Saumabschluss mit Tunnelkordelzug und Stoppern, hochwertigem Frontreissverschluss, funktioneller MP3-Player-\/iPod-Innentasche und seitlichen Einschubtaschen mit Reissverschluss.<\/p>\n","protected":false},"featured_media":10514,"template":"","meta":{"_et_pb_use_builder":"","_et_pb_old_content":"","_et_gb_content_width":""},"product_brand":[],"product_cat":[73,99,124,271],"product_tag":[800,802,778,801,177,783,779,542,828,776,815,816,799,784,795],"class_list":{"0":"post-10456","1":"product","2":"type-product","3":"status-publish","4":"has-post-thumbnail","6":"product_cat-arbeitsjacken","7":"product_cat-fp","8":"product_cat-hakro","9":"product_cat-regenjacken","10":"product_tag-dunkelanthrazit","11":"product_tag-dunkelblau","12":"product_tag-fruehling-herbst","13":"product_tag-gruen","14":"product_tag-handytasche","15":"product_tag-herren","16":"product_tag-hohe-atmungsaktivitaet","17":"product_tag-oeko-tex-standard-100","18":"product_tag-orange","19":"product_tag-polyester-recyceltes-polyester","20":"product_tag-rot","21":"product_tag-royalblau","22":"product_tag-schwarz","23":"product_tag-waschbar-unter-60c","24":"product_tag-ykk-reissverschluesse","25":"pa_farben-anthrazit-h028","26":"pa_farben-schwarz-h005","27":"pa_farben-tinte-h034","28":"pa_oberbekleidung-groesse-l","29":"pa_oberbekleidung-groesse-m","30":"pa_oberbekleidung-groesse-s","31":"pa_oberbekleidung-groesse-xl","32":"pa_oberbekleidung-groesse-xs","33":"pa_oberbekleidung-groesse-xxl","34":"pa_oberbekleidung-groesse-xxxl","36":"first","37":"instock","38":"taxable","39":"shipping-taxable","40":"purchasable","41":"product-type-variable"},"_links":{"self":[{"href":"https:\/\/www.ernesto-vargas.com\/shop\/wp-json\/wp\/v2\/product\/10456","targetHints":{"allow":["GET"]}}],"collection":[{"href":"https:\/\/www.ernesto-vargas.com\/shop\/wp-json\/wp\/v2\/product"}],"about":[{"href":"https:\/\/www.ernesto-vargas.com\/shop\/wp-json\/wp\/v2\/types\/product"}],"wp:featuredmedia":[{"embeddable":true,"href":"https:\/\/www.ernesto-vargas.com\/shop\/wp-json\/wp\/v2\/media\/10514"}],"wp:attachment":[{"href":"https:\/\/www.ernesto-vargas.com\/shop\/wp-json\/wp\/v2\/media?parent=10456"}],"wp:term":[{"taxonomy":"product_brand","embeddable":true,"href":"https:\/\/www.ernesto-vargas.com\/shop\/wp-json\/wp\/v2\/product_brand?post=10456"},{"taxonomy":"product_cat","embeddable":true,"href":"https:\/\/www.ernesto-vargas.com\/shop\/wp-json\/wp\/v2\/product_cat?post=10456"},{"taxonomy":"product_tag","embeddable":true,"href":"https:\/\/www.ernesto-vargas.com\/shop\/wp-json\/wp\/v2\/product_tag?post=10456"}],"curies":[{"name":"wp","href":"https:\/\/api.w.org\/{rel}","templated":true}]}}

<p>Wärmende Isolationsjacke mit elastischen Ärmelabschlüssen, weitenverstellbarem Saumabschluss mit Tunnelkordelzug und Stoppern, hochwertigem Frontreissverschluss, funktioneller MP3-Player-/iPod-Innentasche und seitlichen Einschubtaschen mit Reissverschluss. Alle Reissverschlüsse von YKK®. Hergestellt aus atmungsaktivem Micro-Ripstop-Aussenmaterial mit Wattierung aus wärmender, pflegeleichter Kunstfaser. Gewebtes Necklabel aus hochwertigem Kettsatin mit weichen, ultraschallgeschnittenen Bandkanten für höchsten Tragekomfort und gewebtes Flaglabel an der linken Seitennaht.</p>
<p>Ihr besonderer Vorteil: Ein verdeckter Reissverschluss im inneren Rückenteil (Revisionsöffnung) ermöglicht das einfache und individuelle Veredeln der Loft-Jacke.<br />
Die Loft-Jacke Barrie kann durch das ZIP-IN-SYSTEM mit der Active-Jacke Housten zu einer wetterfesten und atmungsaktiven 3-in-1-Kombijacke verbunden werden.</p>
<p>• Material: Micro-Ripstop und Wattierung aus 100 % Polyester<br />
• Eigenschaften: atmungsaktiv, ZIP-IN-SYSTEM<br />
• Passform: Regular Fit<br />
• Zertifikate: OEKO-TEX® STANDARD 100<br />
• Waschtemperatur: max. 30 °C<br />
• Grössen: XS-3XL</p>

<p>Wärmende Isolationsjacke mit elastischen Ärmelabschlüssen, weitenverstellbarem Saumabschluss mit Tunnelkordelzug und Stoppern, hochwertigem Frontreissverschluss, funktioneller MP3-Player-/iPod-Innentasche und seitlichen Einschubtaschen mit Reissverschluss.</p>
