{"id":10906,"date":"2018-08-20T15:51:53","date_gmt":"2018-08-20T13:51:53","guid":{"rendered":"http:\/\/www.ernesto-vargas.com\/shop\/?post_type=product&#038;p=10906"},"modified":"2025-04-24T15:46:57","modified_gmt":"2025-04-24T13:46:57","slug":"winterjacke-roberto","status":"publish","type":"product","link":"https:\/\/www.ernesto-vargas.com\/product\/winterjacke-roberto\/","title":{"rendered":"Winterjacke Roberto"},"content":{"rendered":"<p><iframe title=\"Winterjacke Roberto - [ERKL\u00c4RUNGSVIDEO] - Ernesto Vargas\u00ae\" width=\"500\" height=\"281\" src=\"https:\/\/www.youtube.com\/embed\/Bz4cq8U76Gw?feature=oembed\" frameborder=\"0\" allow=\"accelerometer; autoplay; clipboard-write; encrypted-media; gyroscope; picture-in-picture; web-share\" referrerpolicy=\"strict-origin-when-cross-origin\" allowfullscreen><\/iframe><\/p>\n<p>TECHNISCHE DATEN: Wasserdichtigkeit (8\u2019000 mm), Atmungsaktivit\u00e4t (5\u2019000 g\/m2\/24 h)<\/p>\n<p>F\u00dcTTERUNG: 100% Polyester<\/p>\n<p>MATERIAL: 3-Lagen-Laminat, 100% Polyester<\/p>\n<p>GR\u00d6SSEN: XS \u2013 6XL<\/p>\n<p>DETAILS:<\/p>\n<ul>\n<li>Verst\u00e4rkter Schulterbereich aus Oxford-Nylon<\/li>\n<li>Verl\u00e4ngerter R\u00fccken<\/li>\n<li>Qualit\u00e4ts-Reissverschl\u00fcsse von YKK\u00ae<\/li>\n<li>Abnehmbare Kapuze<\/li>\n<li>Wasser- und winddicht<\/li>\n<li>Silberne Reflexelemente<\/li>\n<li>2 Fronttaschen<\/li>\n<li>2 Innentaschen<\/li>\n<\/ul>\n<p>MAXIMALE WASCHTEMPERATUR: 30 \u00b0C<\/p>\n","protected":false},"excerpt":{"rendered":"<p>Die neuste Generation Winterjacken aus wasser- und winddichtem Softshell mit abnehmbarer Kapuze. Sehr modernes Design. Weicher Softshell f\u00fcr hohe Bewegungsfreiheit. Das verl\u00e4ngerte R\u00fcckenteil sch\u00fctzt den R\u00fccken auch in geb\u00fcckter Haltung. Die silbernen Reflex-Elemente sorgen f\u00fcr erh\u00f6hte Sichtbarkeit.<\/p>\n","protected":false},"featured_media":24466,"template":"","meta":{"_acf_changed":false},"product_brand":[],"product_cat":[73,98,76],"product_tag":[434,793,177,783,779,93,776,781,799,818,91,747,819,795],"class_list":{"0":"post-10906","1":"product","2":"type-product","3":"status-publish","4":"has-post-thumbnail","6":"product_cat-arbeitsjacken","7":"product_cat-ernestovargas","8":"product_cat-winterjacken","9":"product_tag-abnehmbare-kapuze","10":"product_tag-grau","11":"product_tag-handytasche","12":"product_tag-herren","13":"product_tag-hohe-atmungsaktivitaet","14":"product_tag-kapuze","15":"product_tag-polyester-recyceltes-polyester","16":"product_tag-reflektierende-elemente","17":"product_tag-schwarz","18":"product_tag-verlaengertes-rueckenteil","19":"product_tag-wasserdicht","20":"product_tag-winddicht","21":"product_tag-winter","22":"product_tag-ykk-reissverschluesse","23":"pa_oberbekleidung-groesse-4xl","24":"pa_oberbekleidung-groesse-5xl","25":"pa_oberbekleidung-groesse-6xl","26":"pa_oberbekleidung-groesse-l","27":"pa_oberbekleidung-groesse-m","28":"pa_oberbekleidung-groesse-s","29":"pa_oberbekleidung-groesse-xl","30":"pa_oberbekleidung-groesse-xs","31":"pa_oberbekleidung-groesse-xxl","32":"pa_oberbekleidung-groesse-xxxl","34":"first","35":"instock","36":"taxable","37":"shipping-taxable","38":"purchasable","39":"product-type-variable"},"acf":[],"_links":{"self":[{"href":"https:\/\/www.ernesto-vargas.com\/wp-json\/wp\/v2\/product\/10906","targetHints":{"allow":["GET"]}}],"collection":[{"href":"https:\/\/www.ernesto-vargas.com\/wp-json\/wp\/v2\/product"}],"about":[{"href":"https:\/\/www.ernesto-vargas.com\/wp-json\/wp\/v2\/types\/product"}],"wp:featuredmedia":[{"embeddable":true,"href":"https:\/\/www.ernesto-vargas.com\/wp-json\/wp\/v2\/media\/24466"}],"wp:attachment":[{"href":"https:\/\/www.ernesto-vargas.com\/wp-json\/wp\/v2\/media?parent=10906"}],"wp:term":[{"taxonomy":"product_brand","embeddable":true,"href":"https:\/\/www.ernesto-vargas.com\/wp-json\/wp\/v2\/product_brand?post=10906"},{"taxonomy":"product_cat","embeddable":true,"href":"https:\/\/www.ernesto-vargas.com\/wp-json\/wp\/v2\/product_cat?post=10906"},{"taxonomy":"product_tag","embeddable":true,"href":"https:\/\/www.ernesto-vargas.com\/wp-json\/wp\/v2\/product_tag?post=10906"}],"curies":[{"name":"wp","href":"https:\/\/api.w.org\/{rel}","templated":true}]}}

<p><iframe title="Winterjacke Roberto - [ERKLÄRUNGSVIDEO] - Ernesto Vargas®" width="500" height="281" src="https://www.youtube.com/embed/Bz4cq8U76Gw?feature=oembed" frameborder="0" allow="accelerometer; autoplay; clipboard-write; encrypted-media; gyroscope; picture-in-picture; web-share" referrerpolicy="strict-origin-when-cross-origin" allowfullscreen></iframe></p>
<p>TECHNISCHE DATEN: Wasserdichtigkeit (8’000 mm), Atmungsaktivität (5’000 g/m2/24 h)</p>
<p>FÜTTERUNG: 100% Polyester</p>
<p>MATERIAL: 3-Lagen-Laminat, 100% Polyester</p>
<p>GRÖSSEN: XS – 6XL</p>
<p>DETAILS:</p>
<ul>
<li>Verstärkter Schulterbereich aus Oxford-Nylon</li>
<li>Verlängerter Rücken</li>
<li>Qualitäts-Reissverschlüsse von YKK®</li>
<li>Abnehmbare Kapuze</li>
<li>Wasser- und winddicht</li>
<li>Silberne Reflexelemente</li>
<li>2 Fronttaschen</li>
<li>2 Innentaschen</li>
</ul>
<p>MAXIMALE WASCHTEMPERATUR: 30 °C</p>

<p>Die neuste Generation Winterjacken aus wasser- und winddichtem Softshell mit abnehmbarer Kapuze. Sehr modernes Design. Weicher Softshell für hohe Bewegungsfreiheit. Das verlängerte Rückenteil schützt den Rücken auch in gebückter Haltung. Die silbernen Reflex-Elemente sorgen für erhöhte Sichtbarkeit.</p>
