{"id":17856,"date":"2019-03-18T07:42:56","date_gmt":"2019-03-18T06:42:56","guid":{"rendered":"https:\/\/www.ernesto-vargas.com\/shop\/?post_type=product&#038;p=17856"},"modified":"2023-04-12T17:01:49","modified_gmt":"2023-04-12T15:01:49","slug":"regenmantel-en-iso-20471-klasse-3-6403","status":"publish","type":"product","link":"https:\/\/www.ernesto-vargas.com\/shop\/product\/regenmantel-en-iso-20471-klasse-3-6403\/","title":{"rendered":"Regenmantel EN ISO 20471 KLASSE 3 \u00ab6403\u00bb"},"content":{"rendered":"<p>TECHNISCHE DATEN<br \/>\nWasserdichtigkeit (&gt; 10\u2019000 mm)<\/p>\n<p>MATERIAL<br \/>\nPolyurethan-beschichtetes Polyamid-Trikot<\/p>\n<p>GR\u00d6SSEN<br \/>\nXS \u2013 3XL<\/p>\n<p>DETAILS<\/p>\n<ul>\n<li>Verschweisste N\u00e4hte<\/li>\n<li>100cm lang<\/li>\n<li>Reflex-Streifen<\/li>\n<li>EN ISO 20471 Class 3, EN 343<\/li>\n<\/ul>\n<p>MAXIMALE WASCHTEMPERATUR<br \/>\n40 \u00b0C<\/p>\n","protected":false},"excerpt":{"rendered":"<p>High-Visibility Regenmantel mit verstellbarer Kapuze und \u00c4rmelenden. Der optimale Begleiter bei Regen, wenn auch die Beine vor N\u00e4sse gesch\u00fctzt sein sollen.<\/p>\n","protected":false},"featured_media":18473,"template":"","meta":{"_et_pb_use_builder":"","_et_pb_old_content":"","_et_gb_content_width":""},"product_brand":[],"product_cat":[73,99,487,271],"product_tag":[483,827,778,783,787,788,93,646,776,782,784,91],"class_list":{"0":"post-17856","1":"product","2":"type-product","3":"status-publish","4":"has-post-thumbnail","6":"product_cat-arbeitsjacken","7":"product_cat-fp","8":"product_cat-projob","9":"product_cat-regenjacken","10":"product_tag-en-iso-20471-klasse-3","11":"product_tag-en-iso-343","12":"product_tag-fruehling-herbst","13":"product_tag-herren","14":"product_tag-hi-vis-gelb","15":"product_tag-hi-vis-orange","16":"product_tag-kapuze","17":"product_tag-leicht","18":"product_tag-polyester-recyceltes-polyester","19":"product_tag-reflex-streifen","20":"product_tag-waschbar-unter-60c","21":"product_tag-wasserdicht","22":"pa_farbe-gelb-marine","23":"pa_farbe-gelb-schwarz","24":"pa_farbe-orange-marine","25":"pa_farbe-orange-schwarz","26":"pa_oberbekleidung-groesse-l","27":"pa_oberbekleidung-groesse-m","28":"pa_oberbekleidung-groesse-s","29":"pa_oberbekleidung-groesse-xl","30":"pa_oberbekleidung-groesse-xs","31":"pa_oberbekleidung-groesse-xxl","32":"pa_oberbekleidung-groesse-xxxl","34":"first","35":"instock","36":"taxable","37":"shipping-taxable","38":"purchasable","39":"product-type-variable"},"_links":{"self":[{"href":"https:\/\/www.ernesto-vargas.com\/shop\/wp-json\/wp\/v2\/product\/17856","targetHints":{"allow":["GET"]}}],"collection":[{"href":"https:\/\/www.ernesto-vargas.com\/shop\/wp-json\/wp\/v2\/product"}],"about":[{"href":"https:\/\/www.ernesto-vargas.com\/shop\/wp-json\/wp\/v2\/types\/product"}],"wp:featuredmedia":[{"embeddable":true,"href":"https:\/\/www.ernesto-vargas.com\/shop\/wp-json\/wp\/v2\/media\/18473"}],"wp:attachment":[{"href":"https:\/\/www.ernesto-vargas.com\/shop\/wp-json\/wp\/v2\/media?parent=17856"}],"wp:term":[{"taxonomy":"product_brand","embeddable":true,"href":"https:\/\/www.ernesto-vargas.com\/shop\/wp-json\/wp\/v2\/product_brand?post=17856"},{"taxonomy":"product_cat","embeddable":true,"href":"https:\/\/www.ernesto-vargas.com\/shop\/wp-json\/wp\/v2\/product_cat?post=17856"},{"taxonomy":"product_tag","embeddable":true,"href":"https:\/\/www.ernesto-vargas.com\/shop\/wp-json\/wp\/v2\/product_tag?post=17856"}],"curies":[{"name":"wp","href":"https:\/\/api.w.org\/{rel}","templated":true}]}}

<p>TECHNISCHE DATEN<br />
Wasserdichtigkeit (&gt; 10’000 mm)</p>
<p>MATERIAL<br />
Polyurethan-beschichtetes Polyamid-Trikot</p>
<p>GRÖSSEN<br />
XS – 3XL</p>
<p>DETAILS</p>
<ul>
<li>Verschweisste Nähte</li>
<li>100cm lang</li>
<li>Reflex-Streifen</li>
<li>EN ISO 20471 Class 3, EN 343</li>
</ul>
<p>MAXIMALE WASCHTEMPERATUR<br />
40 °C</p>

<p>High-Visibility Regenmantel mit verstellbarer Kapuze und Ärmelenden. Der optimale Begleiter bei Regen, wenn auch die Beine vor Nässe geschützt sein sollen.</p>
