{"id":35930,"date":"2021-03-11T17:14:52","date_gmt":"2021-03-11T16:14:52","guid":{"rendered":"https:\/\/www.ernesto-vargas.com\/shop\/?post_type=product&#038;p=35930"},"modified":"2025-06-27T20:30:45","modified_gmt":"2025-06-27T18:30:45","slug":"maler-winterjacke-tignes","status":"publish","type":"product","link":"https:\/\/www.ernesto-vargas.com\/product\/maler-winterjacke-tignes\/","title":{"rendered":"Dassy\u00ae Tignes Maler Winterjacke"},"content":{"rendered":"<p>MATERIAL &amp; GEWICHT<br \/>\nGrundmaterial: 70% Polyester\/30% Baumwolle, +\/- 240 g\/m\u00b2<\/p>\n<p>DETAILS<\/p>\n<ul>\n<li>elastische \u00c4rmelb\u00fcndchen, \u00fcber Klettband verstellbar<\/li>\n<li>verl\u00e4ngerter R\u00fccken<\/li>\n<li>2 Schubtaschen<\/li>\n<li>2 Pattentaschen<\/li>\n<li>Handw\u00e4rmer<\/li>\n<li>2 Brusttaschen<\/li>\n<li>Ausweishalter<\/li>\n<li>Innentasche<\/li>\n<li>Stiftefach<\/li>\n<li>Fleece-Futterstoff<\/li>\n<li>w\u00e4rmeisolierende Wattierung<\/li>\n<li>atmungsaktiver Stoff<\/li>\n<\/ul>\n<p>GR\u00d6SSEN: XS \u2013 3XL<\/p>\n<p>MAXIMALE WASCHTEMPERATUR: 30\u00b0C<\/p>\n<p>ZERTIFIZIERUNG<\/p>\n<ul>\n<li>OEKO-TEX\u00ae Standard 100<\/li>\n<\/ul>\n","protected":false},"excerpt":{"rendered":"<p>M\u00fcssen Sie trotz der Minustemperaturen arbeiten? Mit diesen soliden Winterjacken ist komfortables Arbeiten draussen zu jeder Zeit m\u00f6glich. Auf der Aussenseite wasserabweisend behandelt, auf der Innenseite ein Fleece-Futterstoff: die optimale Kombination f\u00fcr einen zuverl\u00e4ssigen Schutz bei Outdoorarbeit.<\/p>\n","protected":false},"featured_media":35932,"template":"","meta":[],"product_brand":[],"product_cat":[73,730,99,76],"product_tag":[177,783,646,790,542,781,818,784,810,819],"class_list":{"0":"post-35930","1":"product","2":"type-product","3":"status-publish","4":"has-post-thumbnail","6":"product_cat-arbeitsjacken","7":"product_cat-dassy","8":"product_cat-fp","9":"product_cat-winterjacken","10":"product_tag-handytasche","11":"product_tag-herren","12":"product_tag-leicht","13":"product_tag-mischware","14":"product_tag-oeko-tex-standard-100","15":"product_tag-reflektierende-elemente","16":"product_tag-verlaengertes-rueckenteil","17":"product_tag-waschbar-unter-60c","18":"product_tag-weiss","19":"product_tag-winter","21":"first","22":"instock","23":"taxable","24":"shipping-taxable","25":"purchasable","26":"product-type-variable"},"_links":{"self":[{"href":"https:\/\/www.ernesto-vargas.com\/wp-json\/wp\/v2\/product\/35930","targetHints":{"allow":["GET"]}}],"collection":[{"href":"https:\/\/www.ernesto-vargas.com\/wp-json\/wp\/v2\/product"}],"about":[{"href":"https:\/\/www.ernesto-vargas.com\/wp-json\/wp\/v2\/types\/product"}],"wp:featuredmedia":[{"embeddable":true,"href":"https:\/\/www.ernesto-vargas.com\/wp-json\/wp\/v2\/media\/35932"}],"wp:attachment":[{"href":"https:\/\/www.ernesto-vargas.com\/wp-json\/wp\/v2\/media?parent=35930"}],"wp:term":[{"taxonomy":"product_brand","embeddable":true,"href":"https:\/\/www.ernesto-vargas.com\/wp-json\/wp\/v2\/product_brand?post=35930"},{"taxonomy":"product_cat","embeddable":true,"href":"https:\/\/www.ernesto-vargas.com\/wp-json\/wp\/v2\/product_cat?post=35930"},{"taxonomy":"product_tag","embeddable":true,"href":"https:\/\/www.ernesto-vargas.com\/wp-json\/wp\/v2\/product_tag?post=35930"}],"curies":[{"name":"wp","href":"https:\/\/api.w.org\/{rel}","templated":true}]}}

<p>MATERIAL &amp; GEWICHT<br />
Grundmaterial: 70% Polyester/30% Baumwolle, +/- 240 g/m²</p>
<p>DETAILS</p>
<ul>
<li>elastische Ärmelbündchen, über Klettband verstellbar</li>
<li>verlängerter Rücken</li>
<li>2 Schubtaschen</li>
<li>2 Pattentaschen</li>
<li>Handwärmer</li>
<li>2 Brusttaschen</li>
<li>Ausweishalter</li>
<li>Innentasche</li>
<li>Stiftefach</li>
<li>Fleece-Futterstoff</li>
<li>wärmeisolierende Wattierung</li>
<li>atmungsaktiver Stoff</li>
</ul>
<p>GRÖSSEN: XS – 3XL</p>
<p>MAXIMALE WASCHTEMPERATUR: 30°C</p>
<p>ZERTIFIZIERUNG</p>
<ul>
<li>OEKO-TEX® Standard 100</li>
</ul>

<p>Müssen Sie trotz der Minustemperaturen arbeiten? Mit diesen soliden Winterjacken ist komfortables Arbeiten draussen zu jeder Zeit möglich. Auf der Aussenseite wasserabweisend behandelt, auf der Innenseite ein Fleece-Futterstoff: die optimale Kombination für einen zuverlässigen Schutz bei Outdoorarbeit.</p>
