{"id":40033,"date":"2021-05-10T11:12:15","date_gmt":"2021-05-10T09:12:15","guid":{"rendered":"https:\/\/www.ernesto-vargas.com\/shop\/?post_type=product&#038;p=40033"},"modified":"2025-07-07T14:11:00","modified_gmt":"2025-07-07T12:11:00","slug":"damen-kapuzenjacke-bonded-255","status":"publish","type":"product","link":"https:\/\/www.ernesto-vargas.com\/shop\/product\/damen-kapuzenjacke-bonded-255\/","title":{"rendered":"DAMEN KAPUZENJACKE BONDED 255"},"content":{"rendered":"<p>Aufwendig verarbeitete Kapuzenjacke f\u00fcr Damen, mit weichem, kontrastfarbigem Microfleece an der Innenseite, hochwertigem, kontrastfarbigem Frontreissverschluss, hochgeschnittener Kapuze mit kontrastfarbiger Kordel und hochwertigen Metall\u00f6sen.<\/p>\n<p><strong>MATERIAL &amp; GEWICHT<\/strong><br \/>\nSingle-Jersey-Fleece-Laminat aus 55 % Polyester und 45 % Baumwolle (grau meliert: 75 % Polyester und 25 % Baumwolle), 340 g\/m\u00b2<\/p>\n<p><strong>DETAILS<\/strong><\/p>\n<ul>\n<li>Reissverschl\u00fcsse und \u00d6sen von YKK\u00ae<\/li>\n<li>Passform: Regular Fit<\/li>\n<li>Zertifikate: OEKO-TEX\u00ae STANDARD 100<\/li>\n<\/ul>\n<p><strong>GR\u00d6SSEN<\/strong><br \/>\nXS \u2013 3XL<\/p>\n<p><strong>MAXIMALE WASCHTEMPERATUR<\/strong><br \/>\n40 \u00b0C<\/p>\n","protected":false},"excerpt":{"rendered":"<p>Aufwendig verarbeitete Kapuzenjacke f\u00fcr Damen, mit weichem, kontrastfarbigem Microfleece an der Innenseite, hochwertigem, kontrastfarbigem Frontreissverschluss, hochgeschnittener Kapuze mit kontrastfarbiger Kordel und hochwertigen Metall\u00f6sen. Formstabile Rippstrickb\u00fcndchen mit LYCRA\u00ae-Anteil, Einschubtaschen mit Reissverschl\u00fcssen, Teilungsn\u00e4hte f\u00fcr perfekte Passform mit dekorativer Flatlock-Steppung, kontrastfarbigem Halsspiegel und Nackenband. Hergestellt aus laminiertem 2-Lagen-Material mit einer Aussenseite aus feinem Single-Jersey aus langstapeliger, gek\u00e4mmter und ringgesponnener Baumwolle und einer Innenseite aus weichem Microfleece. Gewebtes HAKRO Necklabel aus hochwertigem Kettsatin mit weichen, ultraschallgeschnittenen Bandkanten f\u00fcr h\u00f6chsten Tragekomfort und gewebtes HAKRO Flaglabel an der linken Seitennaht.<\/p>\n","protected":false},"featured_media":83557,"template":"","meta":{"_et_pb_use_builder":"","_et_pb_old_content":"","_et_gb_content_width":""},"product_brand":[],"product_cat":[99,124,760,64],"product_tag":[847,831,807,855,838,93,542,834,832,792,856,784,850,795],"class_list":{"0":"post-40033","1":"product","2":"type-product","3":"status-publish","4":"has-post-thumbnail","6":"product_cat-fp","7":"product_cat-hakro","8":"product_cat-kapuzenpullover","9":"product_cat-pullover","10":"product_tag-3xl","11":"product_tag-blautoene","12":"product_tag-damen","13":"product_tag-ganzer-reissverschluss","14":"product_tag-grautoene","15":"product_tag-kapuze","16":"product_tag-oeko-tex-standard-100","17":"product_tag-rottoene","18":"product_tag-schwarztoene","19":"product_tag-schwer","20":"product_tag-seitentaschen","21":"product_tag-waschbar-unter-60c","22":"product_tag-xs","23":"product_tag-ykk-reissverschluesse","25":"first","26":"instock","27":"taxable","28":"shipping-taxable","29":"purchasable","30":"product-type-variable"},"_links":{"self":[{"href":"https:\/\/www.ernesto-vargas.com\/shop\/wp-json\/wp\/v2\/product\/40033","targetHints":{"allow":["GET"]}}],"collection":[{"href":"https:\/\/www.ernesto-vargas.com\/shop\/wp-json\/wp\/v2\/product"}],"about":[{"href":"https:\/\/www.ernesto-vargas.com\/shop\/wp-json\/wp\/v2\/types\/product"}],"wp:featuredmedia":[{"embeddable":true,"href":"https:\/\/www.ernesto-vargas.com\/shop\/wp-json\/wp\/v2\/media\/83557"}],"wp:attachment":[{"href":"https:\/\/www.ernesto-vargas.com\/shop\/wp-json\/wp\/v2\/media?parent=40033"}],"wp:term":[{"taxonomy":"product_brand","embeddable":true,"href":"https:\/\/www.ernesto-vargas.com\/shop\/wp-json\/wp\/v2\/product_brand?post=40033"},{"taxonomy":"product_cat","embeddable":true,"href":"https:\/\/www.ernesto-vargas.com\/shop\/wp-json\/wp\/v2\/product_cat?post=40033"},{"taxonomy":"product_tag","embeddable":true,"href":"https:\/\/www.ernesto-vargas.com\/shop\/wp-json\/wp\/v2\/product_tag?post=40033"}],"curies":[{"name":"wp","href":"https:\/\/api.w.org\/{rel}","templated":true}]}}

<p>Aufwendig verarbeitete Kapuzenjacke für Damen, mit weichem, kontrastfarbigem Microfleece an der Innenseite, hochwertigem, kontrastfarbigem Frontreissverschluss, hochgeschnittener Kapuze mit kontrastfarbiger Kordel und hochwertigen Metallösen.</p>
<p><strong>MATERIAL &amp; GEWICHT</strong><br />
Single-Jersey-Fleece-Laminat aus 55 % Polyester und 45 % Baumwolle (grau meliert: 75 % Polyester und 25 % Baumwolle), 340 g/m²</p>
<p><strong>DETAILS</strong></p>
<ul>
<li>Reissverschlüsse und Ösen von YKK®</li>
<li>Passform: Regular Fit</li>
<li>Zertifikate: OEKO-TEX® STANDARD 100</li>
</ul>
<p><strong>GRÖSSEN</strong><br />
XS – 3XL</p>
<p><strong>MAXIMALE WASCHTEMPERATUR</strong><br />
40 °C</p>

<p>Aufwendig verarbeitete Kapuzenjacke für Damen, mit weichem, kontrastfarbigem Microfleece an der Innenseite, hochwertigem, kontrastfarbigem Frontreissverschluss, hochgeschnittener Kapuze mit kontrastfarbiger Kordel und hochwertigen Metallösen. Formstabile Rippstrickbündchen mit LYCRA®-Anteil, Einschubtaschen mit Reissverschlüssen, Teilungsnähte für perfekte Passform mit dekorativer Flatlock-Steppung, kontrastfarbigem Halsspiegel und Nackenband. Hergestellt aus laminiertem 2-Lagen-Material mit einer Aussenseite aus feinem Single-Jersey aus langstapeliger, gekämmter und ringgesponnener Baumwolle und einer Innenseite aus weichem Microfleece. Gewebtes HAKRO Necklabel aus hochwertigem Kettsatin mit weichen, ultraschallgeschnittenen Bandkanten für höchsten Tragekomfort und gewebtes HAKRO Flaglabel an der linken Seitennaht.</p>
