{"id":42512,"date":"2021-05-26T14:36:39","date_gmt":"2021-05-26T12:36:39","guid":{"rendered":"https:\/\/www.ernesto-vargas.com\/shop\/?post_type=product&#038;p=42512"},"modified":"2022-11-14T10:35:34","modified_gmt":"2022-11-14T09:35:34","slug":"hemd-black-bow-60-slim","status":"publish","type":"product","link":"https:\/\/www.ernesto-vargas.com\/shop\/product\/hemd-black-bow-60-slim\/","title":{"rendered":"Hemd BLACK BOW 60 SLIM"},"content":{"rendered":"<p style=\"text-align: left;\">Das ultimativ b\u00fcgelfreie Hemd mit Fleckenschutz damit Du auch nach dem Lunch am Meeting eine gute Figur machst. Die fortschrittliche Nanotechnologie sorgt daf\u00fcr, dass Kaffee, Wein und sogar \u00d6l einfach abperlen. Der Split Back Yoke sorgt f\u00fcr glatte konturierte Schultern und mehr Bewegungsfreiheit. Taped Main Seams verleihen dem Hemd nach jedem Waschgang einen frischen und exklusiven Look, ohne zu B\u00fcgeln. Moderner Cut Away Kragen mit verstecktem Button Down. Das elastische Garn am obersten Knopf garantiert selbst bei geschlossenem Kragen h\u00f6chsten Tragekomfort ohne einzuengen.<\/p>\n<p><strong>Material:<\/strong> 100% Baumwolle, 131g\/m\u00b2<\/p>\n<p><strong>Gr\u00f6ssen:<\/strong> XS-2XL<\/p>\n","protected":false},"excerpt":{"rendered":"<p>Das ultimativ b\u00fcgelfreie Hemd mit Fleckenschutz damit Du auch nach dem Lunch am Meeting eine gute Figur machst. Die fortschrittliche Nanotechnologie sorgt daf\u00fcr, dass Kaffee, Wein und sogar \u00d6l einfach abperlen.<\/p>\n","protected":false},"featured_media":42720,"template":"","meta":{"_et_pb_use_builder":"","_et_pb_old_content":"","_et_gb_content_width":""},"product_brand":[],"product_cat":[99,237,943,861],"product_tag":[715,831,783,848,646,832,684,833,850],"class_list":{"0":"post-42512","1":"product","2":"type-product","3":"status-publish","4":"has-post-thumbnail","6":"product_cat-fp","7":"product_cat-hemden","8":"product_cat-j-harvest-frost","9":"product_cat-slim-fit","10":"product_tag-baumwolle","11":"product_tag-blautoene","12":"product_tag-herren","13":"product_tag-langarm","14":"product_tag-leicht","15":"product_tag-schwarztoene","16":"product_tag-slim-fit","17":"product_tag-weisstoene","18":"product_tag-xs","20":"first","21":"instock","22":"taxable","23":"shipping-taxable","24":"purchasable","25":"product-type-variable"},"_links":{"self":[{"href":"https:\/\/www.ernesto-vargas.com\/shop\/wp-json\/wp\/v2\/product\/42512","targetHints":{"allow":["GET"]}}],"collection":[{"href":"https:\/\/www.ernesto-vargas.com\/shop\/wp-json\/wp\/v2\/product"}],"about":[{"href":"https:\/\/www.ernesto-vargas.com\/shop\/wp-json\/wp\/v2\/types\/product"}],"wp:featuredmedia":[{"embeddable":true,"href":"https:\/\/www.ernesto-vargas.com\/shop\/wp-json\/wp\/v2\/media\/42720"}],"wp:attachment":[{"href":"https:\/\/www.ernesto-vargas.com\/shop\/wp-json\/wp\/v2\/media?parent=42512"}],"wp:term":[{"taxonomy":"product_brand","embeddable":true,"href":"https:\/\/www.ernesto-vargas.com\/shop\/wp-json\/wp\/v2\/product_brand?post=42512"},{"taxonomy":"product_cat","embeddable":true,"href":"https:\/\/www.ernesto-vargas.com\/shop\/wp-json\/wp\/v2\/product_cat?post=42512"},{"taxonomy":"product_tag","embeddable":true,"href":"https:\/\/www.ernesto-vargas.com\/shop\/wp-json\/wp\/v2\/product_tag?post=42512"}],"curies":[{"name":"wp","href":"https:\/\/api.w.org\/{rel}","templated":true}]}}