{"id":42897,"date":"2021-06-10T07:58:27","date_gmt":"2021-06-10T05:58:27","guid":{"rendered":"https:\/\/www.ernesto-vargas.com\/shop\/?post_type=product&#038;p=42897"},"modified":"2022-11-14T10:31:31","modified_gmt":"2022-11-14T09:31:31","slug":"green-bow-01-slim","status":"publish","type":"product","link":"https:\/\/www.ernesto-vargas.com\/product\/green-bow-01-slim\/","title":{"rendered":"GREEN BOW 01 SLIM"},"content":{"rendered":"<p>Ein klassisches Hemd in seiner reinsten Form kann durch nichts ersetzt werden. Unsere aufwendig umgesetzten Details lassen dieses Kleidungsst\u00fcck zu etwas ganz Besonderem werden. Das Hemd ist aus hochwertigem Twill Gewebe, wodurch sich das Tragegef\u00fchl angenehm weich anf\u00fchlt und die Farben noch mehr zur Wirkung zeigen. Die Webstruktur sorgt zus\u00e4tzlich daf\u00fcr, dass ein weisses Hemd weniger transparent wirkt. Ein Split Yoke, ein moderner Cut Away Kragen und eine hinterlegte Knopfleiste von 35mm werten das Hemd zus\u00e4tzlich auf.<\/p>\n<p><strong>Material:<\/strong> 100% Baumwolle, 124g\/m\u00b2<\/p>\n<p><strong>Gr\u00f6ssen:<\/strong> XS-XXL<\/p>\n","protected":false},"excerpt":{"rendered":"<p>Ein klassisches Hemd in seiner reinsten Form kann durch nichts ersetzt werden. Unsere aufwendig umgesetzten Details lassen dieses Kleidungsst\u00fcck zu etwas ganz Besonderem werden.<\/p>\n","protected":false},"featured_media":42979,"template":"","meta":[],"product_brand":[],"product_cat":[99,237,943,861],"product_tag":[715,831,838,783,848,646,832,684,833],"class_list":{"0":"post-42897","1":"product","2":"type-product","3":"status-publish","4":"has-post-thumbnail","6":"product_cat-fp","7":"product_cat-hemden","8":"product_cat-j-harvest-frost","9":"product_cat-slim-fit","10":"product_tag-baumwolle","11":"product_tag-blautoene","12":"product_tag-grautoene","13":"product_tag-herren","14":"product_tag-langarm","15":"product_tag-leicht","16":"product_tag-schwarztoene","17":"product_tag-slim-fit","18":"product_tag-weisstoene","20":"first","21":"instock","22":"taxable","23":"shipping-taxable","24":"purchasable","25":"product-type-variable"},"_links":{"self":[{"href":"https:\/\/www.ernesto-vargas.com\/wp-json\/wp\/v2\/product\/42897","targetHints":{"allow":["GET"]}}],"collection":[{"href":"https:\/\/www.ernesto-vargas.com\/wp-json\/wp\/v2\/product"}],"about":[{"href":"https:\/\/www.ernesto-vargas.com\/wp-json\/wp\/v2\/types\/product"}],"wp:featuredmedia":[{"embeddable":true,"href":"https:\/\/www.ernesto-vargas.com\/wp-json\/wp\/v2\/media\/42979"}],"wp:attachment":[{"href":"https:\/\/www.ernesto-vargas.com\/wp-json\/wp\/v2\/media?parent=42897"}],"wp:term":[{"taxonomy":"product_brand","embeddable":true,"href":"https:\/\/www.ernesto-vargas.com\/wp-json\/wp\/v2\/product_brand?post=42897"},{"taxonomy":"product_cat","embeddable":true,"href":"https:\/\/www.ernesto-vargas.com\/wp-json\/wp\/v2\/product_cat?post=42897"},{"taxonomy":"product_tag","embeddable":true,"href":"https:\/\/www.ernesto-vargas.com\/wp-json\/wp\/v2\/product_tag?post=42897"}],"curies":[{"name":"wp","href":"https:\/\/api.w.org\/{rel}","templated":true}]}}