{"id":45015,"date":"2021-07-02T14:17:03","date_gmt":"2021-07-02T12:17:03","guid":{"rendered":"https:\/\/www.ernesto-vargas.com\/shop\/?post_type=product&#038;p=45015"},"modified":"2022-11-02T18:03:14","modified_gmt":"2022-11-02T17:03:14","slug":"indigo-bow-30-slim","status":"publish","type":"product","link":"https:\/\/www.ernesto-vargas.com\/shop\/product\/indigo-bow-30-slim\/","title":{"rendered":"INDIGO BOW 30 SLIM"},"content":{"rendered":"<p>Das Indigo Bow Oxford Hemd ist aus sorgf\u00e4ltig ausgew\u00e4hlten Materialien, die ein angenehmes Tragegef\u00fchl hervorrufen. Es ist ein Arbeiterhemd, das bereits eingearbeitet ist.<\/p>\n<p><strong>Material:<\/strong> 100% Baumwolle,160g\/m\u00b2<\/p>\n<p><strong>Gr\u00f6ssen:<\/strong> XS-XXL<\/p>\n","protected":false},"excerpt":{"rendered":"<p>Das Indigo Bow Oxford Hemd ist aus sorgf\u00e4ltig ausgew\u00e4hlten Materialien, die ein angenehmes Tragegef\u00fchl hervorrufen. Es ist ein Arbeiterhemd, das bereits eingearbeitet ist.<\/p>\n","protected":false},"featured_media":45034,"template":"","meta":{"_et_pb_use_builder":"","_et_pb_old_content":"","_et_gb_content_width":""},"product_brand":[],"product_cat":[99,237,943,861],"product_tag":[715,783,848,646,834,684,850],"class_list":{"0":"post-45015","1":"product","2":"type-product","3":"status-publish","4":"has-post-thumbnail","6":"product_cat-fp","7":"product_cat-hemden","8":"product_cat-j-harvest-frost","9":"product_cat-slim-fit","10":"product_tag-baumwolle","11":"product_tag-herren","12":"product_tag-langarm","13":"product_tag-leicht","14":"product_tag-rottoene","15":"product_tag-slim-fit","16":"product_tag-xs","18":"first","19":"instock","20":"taxable","21":"shipping-taxable","22":"purchasable","23":"product-type-variable"},"_links":{"self":[{"href":"https:\/\/www.ernesto-vargas.com\/shop\/wp-json\/wp\/v2\/product\/45015","targetHints":{"allow":["GET"]}}],"collection":[{"href":"https:\/\/www.ernesto-vargas.com\/shop\/wp-json\/wp\/v2\/product"}],"about":[{"href":"https:\/\/www.ernesto-vargas.com\/shop\/wp-json\/wp\/v2\/types\/product"}],"wp:featuredmedia":[{"embeddable":true,"href":"https:\/\/www.ernesto-vargas.com\/shop\/wp-json\/wp\/v2\/media\/45034"}],"wp:attachment":[{"href":"https:\/\/www.ernesto-vargas.com\/shop\/wp-json\/wp\/v2\/media?parent=45015"}],"wp:term":[{"taxonomy":"product_brand","embeddable":true,"href":"https:\/\/www.ernesto-vargas.com\/shop\/wp-json\/wp\/v2\/product_brand?post=45015"},{"taxonomy":"product_cat","embeddable":true,"href":"https:\/\/www.ernesto-vargas.com\/shop\/wp-json\/wp\/v2\/product_cat?post=45015"},{"taxonomy":"product_tag","embeddable":true,"href":"https:\/\/www.ernesto-vargas.com\/shop\/wp-json\/wp\/v2\/product_tag?post=45015"}],"curies":[{"name":"wp","href":"https:\/\/api.w.org\/{rel}","templated":true}]}}