{"id":47520,"date":"2021-08-17T08:38:48","date_gmt":"2021-08-17T06:38:48","guid":{"rendered":"https:\/\/www.ernesto-vargas.com\/shop\/?post_type=product&#038;p=47520"},"modified":"2023-05-04T12:09:04","modified_gmt":"2023-05-04T10:09:04","slug":"warnschutz-ueberziehhose-sb904","status":"publish","type":"product","link":"https:\/\/www.ernesto-vargas.com\/shop\/product\/warnschutz-ueberziehhose-sb904\/","title":{"rendered":"Warnschutz \u00dcberziehhose SB904"},"content":{"rendered":"<p><strong>MATERIAL &amp; GEWICHT<\/strong><br \/>\n100 % Polyester, 130 g\/m\u00b2<\/p>\n<p><strong>DETAILS<\/strong><\/p>\n<ul>\n<li>sehr leichtes, atmungsaktives Gewebe<\/li>\n<li>dehnbarer Bund<\/li>\n<li>durchgehende Reissverschl\u00fcsse f\u00fcr einfacheres \u00dcberziehen<\/li>\n<li>Zertifikate: EN ISO 20471, Klasse 2, Matrixgruppe Z<\/li>\n<\/ul>\n<p><strong>GR\u00d6SSEN<\/strong><br \/>\nS &#8211; XXL, Schrittl\u00e4nge: w\u00e4hlbar 76 cm (kurz) oder 82 cm (normal)<\/p>\n","protected":false},"excerpt":{"rendered":"<p>Warnschutz \u00dcberziehhose mit durchgehendem Reissverschluss f\u00fcr einfacheres \u00dcberziehen. Das leichte, atmungsaktive Gewebe und der dehnbarer Bund sorgen f\u00fcr mehr Komfort und Funktionalit\u00e4t.<\/p>\n","protected":false},"featured_media":47556,"template":"","meta":{"_et_pb_use_builder":"","_et_pb_old_content":"","_et_gb_content_width":""},"product_brand":[],"product_cat":[946,56,99,71],"product_tag":[681,482,177,783,788,646,60,776,781],"class_list":{"0":"post-47520","1":"product","2":"type-product","3":"status-publish","4":"has-post-thumbnail","6":"product_cat-alpstone","7":"product_cat-arbeitshosen","8":"product_cat-fp","9":"product_cat-lange-hosen","10":"product_tag-dehnbarer-bund","11":"product_tag-en-iso-20471-klasse-2","12":"product_tag-handytasche","13":"product_tag-herren","14":"product_tag-hi-vis-orange","15":"product_tag-leicht","16":"product_tag-metertasche","17":"product_tag-polyester-recyceltes-polyester","18":"product_tag-reflektierende-elemente","20":"first","21":"instock","22":"taxable","23":"shipping-taxable","24":"purchasable","25":"product-type-variable"},"_links":{"self":[{"href":"https:\/\/www.ernesto-vargas.com\/shop\/wp-json\/wp\/v2\/product\/47520","targetHints":{"allow":["GET"]}}],"collection":[{"href":"https:\/\/www.ernesto-vargas.com\/shop\/wp-json\/wp\/v2\/product"}],"about":[{"href":"https:\/\/www.ernesto-vargas.com\/shop\/wp-json\/wp\/v2\/types\/product"}],"wp:featuredmedia":[{"embeddable":true,"href":"https:\/\/www.ernesto-vargas.com\/shop\/wp-json\/wp\/v2\/media\/47556"}],"wp:attachment":[{"href":"https:\/\/www.ernesto-vargas.com\/shop\/wp-json\/wp\/v2\/media?parent=47520"}],"wp:term":[{"taxonomy":"product_brand","embeddable":true,"href":"https:\/\/www.ernesto-vargas.com\/shop\/wp-json\/wp\/v2\/product_brand?post=47520"},{"taxonomy":"product_cat","embeddable":true,"href":"https:\/\/www.ernesto-vargas.com\/shop\/wp-json\/wp\/v2\/product_cat?post=47520"},{"taxonomy":"product_tag","embeddable":true,"href":"https:\/\/www.ernesto-vargas.com\/shop\/wp-json\/wp\/v2\/product_tag?post=47520"}],"curies":[{"name":"wp","href":"https:\/\/api.w.org\/{rel}","templated":true}]}}