{"id":81676,"date":"2023-05-24T11:12:56","date_gmt":"2023-05-24T09:12:56","guid":{"rendered":"https:\/\/www.ernesto-vargas.com\/shop\/?post_type=product&#038;p=81676"},"modified":"2025-04-24T15:52:36","modified_gmt":"2025-04-24T13:52:36","slug":"engel-x-treme-servicehose-mit-4-wege-stretch-2368-317","status":"publish","type":"product","link":"https:\/\/www.ernesto-vargas.com\/shop\/product\/engel-x-treme-servicehose-mit-4-wege-stretch-2368-317\/","title":{"rendered":"Engel X-treme Servicehose mit 4-Wege-Stretch 2368-317"},"content":{"rendered":"<div class=\"hkc-md-6\">\n<p><strong>DETAILS:<\/strong><\/p>\n<ul>\n<li>moderne Passform<\/li>\n<li>Stoff mit bequemen 4-Wege-Stretch<\/li>\n<li>Baumwolle auf der Innenseite f\u00fcr maximalen Komfort<\/li>\n<li>viele funktionelle Taschen<\/li>\n<li>ergonomisch geformte Knie<\/li>\n<li>das Gewebe hat feuchtigkeitsabsorbierende Eigenschaften und trocknet schnell<\/li>\n<li>D-Ring vorne f\u00fcr die Befestigung von z. B. Ausweisen<\/li>\n<li>Kn\u00f6pfe zur einfachen Befestigung von Holstertaschen (9360-307)<\/li>\n<li>zwei breite Klettb\u00e4nder am Taillenbund zur einfachen Befestigung eines Werkzeughalters<\/li>\n<li>dank extra breitem Hosenaufschlag l\u00e4sst sich die Schrittl\u00e4nge problemlos um 6 cm (4 cm bei kurzer Schrittl\u00e4nge) erweitern<\/li>\n<li>OEKO-TEX\u00ae STANDARD 100<\/li>\n<\/ul>\n<p><strong>MATERIALS&amp;GEWICHT: <\/strong>73% Polyamid \/ 17% Baumwolle \/ 10% Elasthan, 220 g\/m\u00b2<\/p>\n<p><strong>WASCHTEMPERATUR: <\/strong>60\u00b0C<\/p>\n<p><strong>GR\u00d6SSEN: <\/strong>42-74; 22-36<\/p>\n<\/div>\n","protected":false},"excerpt":{"rendered":"<p>Funktionelle Servicehose mit vielen funktionellen Details. Der Stoff ist mit bequemem 4-Wege-Stretch fu\u0308r bessere Passform und mehr Bewegungsfreiheit und fu\u0308r maximalen Komfort mit Baumwolle auf der Innenseite ausgestattet. Die Hose hat einen ergonomisch geformten Kniebereich.<\/p>\n","protected":false},"featured_media":81808,"template":"","meta":{"_et_pb_use_builder":"","_et_pb_old_content":"","_et_gb_content_width":""},"product_brand":[],"product_cat":[953,99],"product_tag":[438,802,793,801,783,646,790,542,799,331],"class_list":{"0":"post-81676","1":"product","2":"type-product","3":"status-publish","4":"has-post-thumbnail","6":"product_cat-engel","7":"product_cat-fp","8":"product_tag-60c","9":"product_tag-dunkelblau","10":"product_tag-grau","11":"product_tag-gruen","12":"product_tag-herren","13":"product_tag-leicht","14":"product_tag-mischware","15":"product_tag-oeko-tex-standard-100","16":"product_tag-schwarz","17":"product_tag-stretch","19":"first","20":"instock","21":"taxable","22":"shipping-taxable","23":"purchasable","24":"product-type-variable"},"_links":{"self":[{"href":"https:\/\/www.ernesto-vargas.com\/shop\/wp-json\/wp\/v2\/product\/81676","targetHints":{"allow":["GET"]}}],"collection":[{"href":"https:\/\/www.ernesto-vargas.com\/shop\/wp-json\/wp\/v2\/product"}],"about":[{"href":"https:\/\/www.ernesto-vargas.com\/shop\/wp-json\/wp\/v2\/types\/product"}],"wp:featuredmedia":[{"embeddable":true,"href":"https:\/\/www.ernesto-vargas.com\/shop\/wp-json\/wp\/v2\/media\/81808"}],"wp:attachment":[{"href":"https:\/\/www.ernesto-vargas.com\/shop\/wp-json\/wp\/v2\/media?parent=81676"}],"wp:term":[{"taxonomy":"product_brand","embeddable":true,"href":"https:\/\/www.ernesto-vargas.com\/shop\/wp-json\/wp\/v2\/product_brand?post=81676"},{"taxonomy":"product_cat","embeddable":true,"href":"https:\/\/www.ernesto-vargas.com\/shop\/wp-json\/wp\/v2\/product_cat?post=81676"},{"taxonomy":"product_tag","embeddable":true,"href":"https:\/\/www.ernesto-vargas.com\/shop\/wp-json\/wp\/v2\/product_tag?post=81676"}],"curies":[{"name":"wp","href":"https:\/\/api.w.org\/{rel}","templated":true}]}}