{"id":83786,"date":"2023-07-14T14:36:25","date_gmt":"2023-07-14T12:36:25","guid":{"rendered":"https:\/\/www.ernesto-vargas.com\/shop\/?post_type=product&#038;p=83786"},"modified":"2023-07-14T14:36:27","modified_gmt":"2023-07-14T12:36:27","slug":"regenset-rl640","status":"publish","type":"product","link":"https:\/\/www.ernesto-vargas.com\/shop\/product\/regenset-rl640\/","title":{"rendered":"Regenset RL640"},"content":{"rendered":"<p>Material: 100% Polyester, 190 g\/m\u00b2<br \/>\nGr\u00f6ssen: XS-4XL<br \/>\nZertifizierung: EN 343 4-3-X, EN ISO 20471:2013\/A1<\/p>\n<p>Das Set besteht aus einem strapazierf\u00e4higen Material, das zu 75 % aus Polyester und zu 25 % aus PU besteht und ein Gewicht von ca. 190 g\/m\u00b2 aufweist. Es ist zu 100 % wasserdicht, um Sie bei Regen und schlechtem Wetter zuverl\u00e4ssig trocken zu halten.<br \/>\nDie Jacke des Sets erf\u00fcllt die Zertifizierung EN ISO 20471:2013\/A1, was bedeutet, dass sie den h\u00f6chsten Sicherheitsstandards entspricht. Sie ist mit reflektierenden Leuchtstreifen ausgestattet, die Ihre Sichtbarkeit auch bei schlechten Lichtverh\u00e4ltnissen deutlich verbessern. Die Jacke verf\u00fcgt zudem \u00fcber zwei praktische Eingrifftaschen, in denen Sie Werkzeuge und andere wichtige Gegenst\u00e4nde sicher aufbewahren k\u00f6nnen. Die integrierte Kapuze bietet Ihnen zus\u00e4tzlichen Schutz vor Wind und Regen.<br \/>\nDie Hose des Sets ist ebenfalls in leuchtendem Orange gehalten und mit den reflektierenden Leuchtstreifen versehen. Sie ist mit einer grossz\u00fcgigen Metertasche ausgestattet. Die seitlichen Reissverschl\u00fcsse erm\u00f6glichen ein einfaches \u00dcberziehen der Hose, selbst wenn Sie bereits Arbeitsschuhe tragen.<\/p>\n","protected":false},"excerpt":{"rendered":"<p>Dieses hochwertige Regenset in leuchtendem Orange mit reflektierenden Leuchtstreifen ist speziell f\u00fcr den Einsatz auf Baustellen konzipiert. Es bietet Ihnen nicht nur optimalen Schutz vor den Elementen, sondern auch eine verbesserte Sichtbarkeit.<\/p>\n","protected":false},"featured_media":83787,"template":"","meta":{"_et_pb_use_builder":"","_et_pb_old_content":"","_et_gb_content_width":""},"product_brand":[],"product_cat":[946,56,73,99,584,271],"product_tag":[807,1018,783,93,646,60,790,782,791,784,91],"class_list":{"0":"post-83786","1":"product","2":"type-product","3":"status-publish","4":"has-post-thumbnail","6":"product_cat-alpstone","7":"product_cat-arbeitshosen","8":"product_cat-arbeitsjacken","9":"product_cat-fp","10":"product_cat-regenhosen","11":"product_cat-regenjacken","12":"product_tag-damen","13":"product_tag-en-iso-343-4-3","14":"product_tag-herren","15":"product_tag-kapuze","16":"product_tag-leicht","17":"product_tag-metertasche","18":"product_tag-mischware","19":"product_tag-reflex-streifen","20":"product_tag-stretch-stoff","21":"product_tag-waschbar-unter-60c","22":"product_tag-wasserdicht","24":"first","25":"instock","26":"taxable","27":"shipping-taxable","28":"purchasable","29":"product-type-variable"},"_links":{"self":[{"href":"https:\/\/www.ernesto-vargas.com\/shop\/wp-json\/wp\/v2\/product\/83786","targetHints":{"allow":["GET"]}}],"collection":[{"href":"https:\/\/www.ernesto-vargas.com\/shop\/wp-json\/wp\/v2\/product"}],"about":[{"href":"https:\/\/www.ernesto-vargas.com\/shop\/wp-json\/wp\/v2\/types\/product"}],"wp:featuredmedia":[{"embeddable":true,"href":"https:\/\/www.ernesto-vargas.com\/shop\/wp-json\/wp\/v2\/media\/83787"}],"wp:attachment":[{"href":"https:\/\/www.ernesto-vargas.com\/shop\/wp-json\/wp\/v2\/media?parent=83786"}],"wp:term":[{"taxonomy":"product_brand","embeddable":true,"href":"https:\/\/www.ernesto-vargas.com\/shop\/wp-json\/wp\/v2\/product_brand?post=83786"},{"taxonomy":"product_cat","embeddable":true,"href":"https:\/\/www.ernesto-vargas.com\/shop\/wp-json\/wp\/v2\/product_cat?post=83786"},{"taxonomy":"product_tag","embeddable":true,"href":"https:\/\/www.ernesto-vargas.com\/shop\/wp-json\/wp\/v2\/product_tag?post=83786"}],"curies":[{"name":"wp","href":"https:\/\/api.w.org\/{rel}","templated":true}]}}