{"id":84201,"date":"2023-10-17T13:52:41","date_gmt":"2023-10-17T11:52:41","guid":{"rendered":"https:\/\/www.ernesto-vargas.com\/shop\/?post_type=product&#038;p=84201"},"modified":"2025-08-12T12:30:43","modified_gmt":"2025-08-12T10:30:43","slug":"nimbus-hybridjacke-crescent-men","status":"publish","type":"product","link":"https:\/\/www.ernesto-vargas.com\/shop\/product\/nimbus-hybridjacke-crescent-men\/","title":{"rendered":"Nimbus Hybridjacke Crescent Men"},"content":{"rendered":"<p>Die Kombination aus erstklassigem Design und unserem Know-how in Sachen hochwertiger Oberbekleidung macht Crescent zu einer vielseitigen Hybridjacke, die speziell f\u00fcr die verschiedenen Wetterlagen und Jahreszeiten konzipiert wurde.<br \/>\nMit weich gestrickten \u00c4rmeln, die mit Fleece gebondet sind, und mit wattierten Eins\u00e4tzen aus recyceltem Polyester auf der Vorderseite, bietet diese luxuri\u00f6se Hybridjacke genau dort W\u00e4rme, wo Sie sie am meisten brauchen.<br \/>\nCrescent ist ein vielseitiges Kleidungsst\u00fcck, das sich sowohl mit klassischen als auch mit moderneren Kleidungsst\u00fccken kombinieren l\u00e4sst.<br \/>\nDie Herrenversion verf\u00fcgt \u00fcber einen Stehkragen, die Damenversion \u00fcber ein feminines Design mit tiefem Kragenausschnitt.<\/p>\n<ul>\n<li>YKK Metalux Reissverschluss<\/li>\n<li>Recyceltes Polyester Wattierung<\/li>\n<li>Seitentaschen mit Reissverschluss<\/li>\n<\/ul>\n<p><strong>Gr\u00f6ssen:<\/strong> S-4XL<\/p>\n<p><strong>Material:<\/strong><\/p>\n<p>Fleece: 45% recyceltes Polyester, 52% Polyester, 3% Elasthan.<br \/>\nFrontstoff: 100% Polyester.<br \/>\nFrontwattierung: 100% Recycled Polyester.<br \/>\nInnenfutter: 100% recyceltes Polyester<br \/>\nRippb\u00fcndchen: 95% Polyester, 5% Elasthan<\/p>\n<p>Steppfront:<\/p>\n<ul>\n<li>Wasserabweisende Ausr\u00fcstung<\/li>\n<li>Bionic Finish\u00ae ECO<\/li>\n<li>Winddicht<\/li>\n<\/ul>\n","protected":false},"excerpt":{"rendered":"<p>Mit weich gestrickten \u00c4rmeln, die mit Fleece gebondet sind, und mit wattierten Eins\u00e4tzen aus recyceltem Polyester auf der Vorderseite, bietet diese luxuri\u00f6se Hybridjacke genau dort W\u00e4rme, wo Sie sie am meisten brauchen. Crescent ist ein vielseitiges Kleidungsst\u00fcck, das sich sowohl mit klassischen als auch mit moderneren Kleidungsst\u00fccken kombinieren l\u00e4sst.<\/p>\n<p><a href=\"https:\/\/www.ernesto-vargas.com\/shop\/product\/nimbus-hybridjacke-crescent-woman\/\"><em>zur Damenvariante<\/em><\/a><\/p>\n","protected":false},"featured_media":84210,"template":"","meta":{"_et_pb_use_builder":"","_et_pb_old_content":"","_et_gb_content_width":""},"product_brand":[],"product_cat":[73,74,99,433,519,769],"product_tag":[1023,802,778,1024,783,777,776,1022,799,820,784,644,747,819,795],"class_list":{"0":"post-84201","1":"product","2":"type-product","3":"status-publish","4":"has-post-thumbnail","6":"product_cat-arbeitsjacken","7":"product_cat-fleecejacken","8":"product_cat-fp","9":"product_cat-hybridjacken","10":"product_cat-nimbus-nordic","11":"product_cat-steppjacke","12":"product_tag-amfori-bsci","13":"product_tag-dunkelblau","14":"product_tag-fruehling-herbst","15":"product_tag-global-compact","16":"product_tag-herren","17":"product_tag-mittel","18":"product_tag-polyester-recyceltes-polyester","19":"product_tag-reach","20":"product_tag-schwarz","21":"product_tag-stretch-zonen","22":"product_tag-waschbar-unter-60c","23":"product_tag-wasserabweisend","24":"product_tag-winddicht","25":"product_tag-winter","26":"product_tag-ykk-reissverschluesse","28":"first","29":"instock","30":"taxable","31":"shipping-taxable","32":"purchasable","33":"product-type-variable"},"_links":{"self":[{"href":"https:\/\/www.ernesto-vargas.com\/shop\/wp-json\/wp\/v2\/product\/84201","targetHints":{"allow":["GET"]}}],"collection":[{"href":"https:\/\/www.ernesto-vargas.com\/shop\/wp-json\/wp\/v2\/product"}],"about":[{"href":"https:\/\/www.ernesto-vargas.com\/shop\/wp-json\/wp\/v2\/types\/product"}],"wp:featuredmedia":[{"embeddable":true,"href":"https:\/\/www.ernesto-vargas.com\/shop\/wp-json\/wp\/v2\/media\/84210"}],"wp:attachment":[{"href":"https:\/\/www.ernesto-vargas.com\/shop\/wp-json\/wp\/v2\/media?parent=84201"}],"wp:term":[{"taxonomy":"product_brand","embeddable":true,"href":"https:\/\/www.ernesto-vargas.com\/shop\/wp-json\/wp\/v2\/product_brand?post=84201"},{"taxonomy":"product_cat","embeddable":true,"href":"https:\/\/www.ernesto-vargas.com\/shop\/wp-json\/wp\/v2\/product_cat?post=84201"},{"taxonomy":"product_tag","embeddable":true,"href":"https:\/\/www.ernesto-vargas.com\/shop\/wp-json\/wp\/v2\/product_tag?post=84201"}],"curies":[{"name":"wp","href":"https:\/\/api.w.org\/{rel}","templated":true}]}}