{"id":88693,"date":"2024-05-15T09:55:18","date_gmt":"2024-05-15T07:55:18","guid":{"rendered":"https:\/\/www.ernesto-vargas.com\/shop\/?post_type=product&#038;p=88693"},"modified":"2025-04-24T15:52:37","modified_gmt":"2025-04-24T13:52:37","slug":"engel-welcot-overall-4130-570","status":"publish","type":"product","link":"https:\/\/www.ernesto-vargas.com\/shop\/product\/engel-welcot-overall-4130-570\/","title":{"rendered":"Engel WelCot Overall (4130-570)"},"content":{"rendered":"<div>\n<div>Baumwolloverall, der ideal ist, wenn du bei der Arbeit sehr schmutzig wirst.<\/div>\n<div><\/div>\n<div class=\"Text-sc-s31epd-0 iovWTc d-inline f3-700 mr-1\"><strong>DETAILS:<\/strong><\/div>\n<\/div>\n<div>\n<div>\n<div class=\"stack\" data-v-7c75c47d=\"\">\n<div class=\"usp\" data-v-136b7dc2=\"\" data-v-7c75c47d=\"\">\n<div class=\"stack\" data-v-7c75c47d=\"\">\n<div class=\"usp\" data-v-136b7dc2=\"\" data-v-7c75c47d=\"\">\n<div class=\"stack\" data-v-7c75c47d=\"\">\n<div class=\"usp\" data-v-136b7dc2=\"\" data-v-7c75c47d=\"\">\n<div class=\"stack\" data-v-7c75c47d=\"\">\n<div class=\"usp\" data-v-136b7dc2=\"\" data-v-7c75c47d=\"\">\n<ul class=\"usp__list\" data-v-136b7dc2=\"\">\n<li class=\"usp__item\" data-v-136b7dc2=\"\">verdeckter Reissverschluss und Klettverschluss vorne<\/li>\n<li class=\"usp__item\" data-v-136b7dc2=\"\">Brusttasche mit Reissverschluss<\/li>\n<li class=\"usp__item\" data-v-136b7dc2=\"\">Gummizug hinten in der Taille f\u00fcr eine gute Passform<\/li>\n<li class=\"usp__item\" data-v-136b7dc2=\"\">Klettverschluss an den \u00c4rmel\u00f6ffnungen<\/li>\n<li class=\"usp__item\" data-v-136b7dc2=\"\">mit zus\u00e4tzlicher Handytasche<\/li>\n<li class=\"usp__item\" data-v-136b7dc2=\"\">Knietaschen mit Verst\u00e4rkung und Klettverschluss<\/li>\n<li class=\"usp__item\" data-v-136b7dc2=\"\">D-Ring f\u00fcr Ausweiskarte<\/li>\n<li class=\"usp__item\" data-v-136b7dc2=\"\">ergonomisch geformter Kniebereich f\u00fcr eine optimale Passform<\/li>\n<li class=\"usp__item\" data-v-136b7dc2=\"\">Knietasche, in der das Kniepolster auf zwei verschiedene H\u00f6hen eingestellt werden kann<\/li>\n<li class=\"usp__item\" data-v-136b7dc2=\"\">breiter Saum zur Verl\u00e4ngerung der Beinl\u00e4nge um 6 cm<\/li>\n<li class=\"usp__item\" data-v-136b7dc2=\"\">viel Platz f\u00fcr Firmenlogo<\/li>\n<li class=\"usp__item\" data-v-136b7dc2=\"\">f\u00fcr die Industriew\u00e4sche geeignet<\/li>\n<li data-v-136b7dc2=\"\">OEKO-TEX\u00ae STANDARD 100<\/li>\n<\/ul>\n<\/div>\n<\/div>\n<\/div>\n<\/div>\n<\/div>\n<\/div>\n<\/div>\n<\/div>\n<\/div>\n<p><strong>QUALIT\u00c4T:<\/strong><\/p>\n<ul class=\"options\">\n<li class=\"qualitycode\">100% Baumwolle, 350 g\/m\u00b2<\/li>\n<\/ul>\n<p><strong>WASCHTEMPERARUR:<\/strong> 60\u00b0C<\/p>\n<p><strong>GR\u00d6SSEN: <\/strong>XS &#8211; 6XL<strong><br \/>\n<\/strong><\/p>\n<\/div>\n<p><a href=\"https:\/\/www.ernesto-vargas.com\/shop\/wp-content\/uploads\/2024\/05\/Engel-Masstabelle-2024-Herren.pdf\"><strong>Masstabelle<\/strong><\/a><\/p>\n","protected":false},"excerpt":{"rendered":"<p>Der ENGEL WelCot Arbeitsoverall ist ein klassischer Overall aus 100% Baumwolle mit guten atmungsaktiven Eigenschaften. Er eignet sich besonders gut f\u00fcr leichte Schweisserarbeiten. Der Overall hat zahlreiche praktische Details, die deinen Arbeitstag effizienter machen, da du unter anderem Werkzeug, Handy und Ausweiskarte immer zur Hand hast. Der WelCot Overall hat eine bequeme Passform, sodass du ihn problemlos den ganzen Arbeitstag lang tragen kannst. Danach l\u00e4sst er sich schnell und einfach ausziehen und aufh\u00e4ngen, sodass er f\u00fcr den n\u00e4chsten Tag bereit ist. Dar\u00fcber hinaus ist er an den Knien verst\u00e4rkt.<\/p>\n","protected":false},"featured_media":88970,"template":"","meta":{"_et_pb_use_builder":"","_et_pb_old_content":"","_et_gb_content_width":""},"product_brand":[],"product_cat":[953,99,1008,1036],"product_tag":[438,715,940,800,802,177,783,542,799,792],"class_list":{"0":"post-88693","1":"product","2":"type-product","3":"status-publish","4":"has-post-thumbnail","6":"product_cat-engel","7":"product_cat-fp","8":"product_cat-overall","9":"product_cat-welcot","10":"product_tag-60c","11":"product_tag-baumwolle","12":"product_tag-beine-verlaengerbar","13":"product_tag-dunkelanthrazit","14":"product_tag-dunkelblau","15":"product_tag-handytasche","16":"product_tag-herren","17":"product_tag-oeko-tex-standard-100","18":"product_tag-schwarz","19":"product_tag-schwer","21":"first","22":"instock","23":"taxable","24":"shipping-taxable","25":"purchasable","26":"product-type-variable"},"_links":{"self":[{"href":"https:\/\/www.ernesto-vargas.com\/shop\/wp-json\/wp\/v2\/product\/88693","targetHints":{"allow":["GET"]}}],"collection":[{"href":"https:\/\/www.ernesto-vargas.com\/shop\/wp-json\/wp\/v2\/product"}],"about":[{"href":"https:\/\/www.ernesto-vargas.com\/shop\/wp-json\/wp\/v2\/types\/product"}],"wp:featuredmedia":[{"embeddable":true,"href":"https:\/\/www.ernesto-vargas.com\/shop\/wp-json\/wp\/v2\/media\/88970"}],"wp:attachment":[{"href":"https:\/\/www.ernesto-vargas.com\/shop\/wp-json\/wp\/v2\/media?parent=88693"}],"wp:term":[{"taxonomy":"product_brand","embeddable":true,"href":"https:\/\/www.ernesto-vargas.com\/shop\/wp-json\/wp\/v2\/product_brand?post=88693"},{"taxonomy":"product_cat","embeddable":true,"href":"https:\/\/www.ernesto-vargas.com\/shop\/wp-json\/wp\/v2\/product_cat?post=88693"},{"taxonomy":"product_tag","embeddable":true,"href":"https:\/\/www.ernesto-vargas.com\/shop\/wp-json\/wp\/v2\/product_tag?post=88693"}],"curies":[{"name":"wp","href":"https:\/\/api.w.org\/{rel}","templated":true}]}}